t are the prime factors of 143625290?
2, 5, 14362529
What are the prime factors of 2178877902?
2, 3, 13841, 26237
List the prime factors of 295826052.
2, 3, 359, 68669
What are the prime factors of 19943814?
2, 3, 11, 37, 8167
What are the prime factors of 706417919?
12497, 56527
What are the prime factors of 1594975160?
2, 5, 193, 206603
What are the prime factors of 64202765?
5, 11, 479, 2437
What are the prime factors of 16261381?
16261381
What are the prime factors of 257532645?
3, 5, 17168843
List the prime factors of 14301149.
53, 83, 3251
What are the prime factors of 1769689421?
223, 409, 19403
What are the prime factors of 2115047595?
3, 5, 1777, 79349
What are the prime factors of 80988766?
2, 40494383
List the prime factors of 3504078.
2, 3, 194671
What are the prime factors of 38962016?
2, 103, 11821
List the prime factors of 5963399405.
5, 23, 433, 119759
What are the prime factors of 21917144?
2, 2739643
List the prime factors of 17426565.
3, 5, 13, 29789
What are the prime factors of 28272041?
7, 83, 48661
List the prime factors of 7078528787.
11, 9697, 66361
List the prime factors of 74301823.
31, 2396833
List the prime factors of 50396057.
53, 950869
List the prime factors of 513643.
13, 39511
List the prime factors of 123900849.
3, 13766761
What are the prime factors of 154911644?
2, 823, 47057
What are the prime factors of 26678061?
3, 2964229
What are the prime factors of 7569262733?
17, 1847, 241067
List the prime factors of 277487877.
3, 41, 2255999
List the prime factors of 4968396.
2, 3, 29, 4759
List the prime factors of 2065509348.
2, 3, 7, 3512771
What are the prime factors of 61969906?
2, 19, 107, 15241
List the prime factors of 153778949.
347, 443167
List the prime factors of 1782092777.
1782092777
List the prime factors of 57763386.
2, 3, 3209077
What are the prime factors of 184582328?
2, 7, 17, 41, 4729
List the prime factors of 38350630.
2, 5, 229, 16747
List the prime factors of 290030582.
2, 97, 1495003
List the prime factors of 55623131.
23, 29, 89, 937
What are the prime factors of 61894963?
13, 4761151
What are the prime factors of 149623719?
3, 7, 41, 173779
What are the prime factors of 32053447?
43, 71, 10499
List the prime factors of 854060769.
3, 94895641
List the prime factors of 833503689.
3, 10290169
List the prime factors of 94110945.
3, 5, 29, 216347
What are the prime factors of 42082951?
3697, 11383
What are the prime factors of 1648973036?
2, 412243259
List the prime factors of 490710320.
2, 5, 1109, 5531
List the prime factors of 105271463.
11, 17, 562949
What are the prime factors of 2981964781?
17, 175409693
List the prime factors of 3114249004.
2, 37, 21042223
List the prime factors of 3587766843.
3, 73, 89, 184073
What are the prime factors of 2258823741?
3, 752941247
What are the prime factors of 45912601?
7, 523, 12541
What are the prime factors of 3333096520?
2, 5, 13, 23, 278687
What are the prime factors of 525041911?
43, 12210277
List the prime factors of 203395003.
7, 23, 1263323
List the prime factors of 1234184631.
3, 4463, 92179
What are the prime factors of 1198641481?
23, 53, 983299
What are the prime factors of 142544964?
2, 3, 11878747
What are the prime factors of 161165012?
2, 40291253
What are the prime factors of 1649178161?
113, 14594497
What are the prime factors of 360534871?
1009, 357319
List the prime factors of 5724555852.
2, 3, 31, 311, 49481
What are the prime factors of 41653775?
5, 1666151
What are the prime factors of 524191174?
2, 13, 20161199
List the prime factors of 57503311.
57503311
What are the prime factors of 25890000?
2, 3, 5, 863
What are the prime factors of 222844017?
3, 11, 43, 97, 1619
What are the prime factors of 35825830?
2, 5, 19, 157, 1201
What are the prime factors of 1926523828?
2, 727, 662491
List the prime factors of 1818251012.
2, 1231, 369263
List the prime factors of 5813115.
3, 5, 7, 11, 719
What are the prime factors of 19122442?
2, 9561221
What are the prime factors of 30365323?
30365323
What are the prime factors of 37245053?
37245053
List the prime factors of 117313693.
7, 2394157
List the prime factors of 34226379.
3, 11, 227, 1523
What are the prime factors of 540113923?
540113923
What are the prime factors of 847374112?
2, 13, 17, 709
What are the prime factors of 4139275480?
2, 5, 2081, 49727
List the prime factors of 3149017828.
2, 11, 709, 100943
List the prime factors of 969611332.
2, 242402833
What are the prime factors of 101996775?
3, 5, 227, 1997
What are the prime factors of 93484914?
2, 3, 97, 160627
List the prime factors of 6642549.
3, 461, 1601
List the prime factors of 6307387.
6307387
List the prime factors of 762691366.
2, 17, 149, 150551
List the prime factors of 567080971.
567080971
List the prime factors of 1241862488.
2, 4931, 31481
List the prime factors of 102159772.
2, 11, 13, 178601
What are the prime factors of 689055755?
5, 31, 4445521
List the prime factors of 194197032.
2, 3, 1129, 2389
What are the prime factors of 853329480?
2, 3, 5, 887, 8017
What are the prime factors of 800581413?
3, 773, 345227
List the prime factors of 521774588.
2, 130443647
List the prime factors of 312650952.
2, 3, 163, 229, 349
List the prime factors of 36454309.
36454309
What are the prime factors of 674300712?
2, 3, 1979, 14197
List the prime factors of 896044642.
2, 2333, 192037
List the prime factors of 3922144049.
3922144049
What are the prime factors of 5756795361?
3, 331, 644153
What are the prime factors of 2107057225?
5, 7, 13, 926179
List the prime factors of 5356309415.
5, 79, 673, 20149
What are the prime factors of 4630984258?
2, 257, 9009697
List the prime factors of 50176552.
2, 71, 88339
List the prime factors of 271031568.
2, 3, 653, 8647
List the prime factors of 472303.
13, 47, 773
List the prime factors of 420769008.
2, 3, 11, 103, 2579
List the prime factors of 11088359.
31, 357689
What are the prime factors of 18611987?
18611987
List the prime factors of 104742982.
2, 52371491
What are the prime factors of 2662115048?
2, 1531, 217351
List the prime factors of 52271659.
11, 29, 163861
What are the prime factors of 613082263?
613082263
What are the prime factors of 48115170?
2, 3, 5, 37, 14449
List the prime factors of 726543153.
3, 7, 11532431
List the prime factors of 2036586313.
23, 88547231
What are the prime factors of 134486056?
2, 16810757
What are the prime factors of 89743678?
2, 233, 192583
What are the prime factors of 1871543535?
3, 5, 124769569
What are the prime factors of 211918563?
3, 109, 216023
List the prime factors of 650247870.
2, 3, 5, 21674929
What are the prime factors of 2523379?
2523379
What are the prime factors of 1438155210?
2, 3, 5, 43, 1114849
What are the prime factors of 8155097667?
3, 587, 1543649
What are the prime factors of 168453665?
5, 1049, 32117
What are the prime factors of 785111903?
277, 2834339
What are the prime factors of 1435069757?
11, 263, 293, 1693
List the prime factors of 737136652.
2, 7, 257, 102437
What are the prime factors of 44523205?
5, 947, 9403
List the prime factors of 2231372555.
5, 43, 10378477
List the prime factors of 11609928.
2, 3, 11, 107, 137
List the prime factors of 46870211.
46870211
List the prime factors of 115190564.
2, 89, 491, 659
What are the prime factors of 4137294187?
13, 4133, 77003
What are the prime factors of 22264021?
13, 1712617
What are the prime factors of 5971882294?
2, 7, 449, 950029
List the prime factors of 21968806.
2, 10984403
What are the prime factors of 16362318?
2, 3, 7, 389579
List the prime factors of 600261.
3, 200087
What are the prime factors of 138847974?
2, 3, 157, 147397
List the prime factors of 5013373565.
5, 397, 2525629
List the prime factors of 810118686.
2, 3, 13, 10386137
List the prime factors of 2041263223.
29, 227, 310081
List the prime factors of 46325103.
3, 11, 1403791
What are the prime factors of 3431278341?
3, 58109
What are the prime factors of 660456209?
7, 31, 3043577
What are the prime factors of 89918872?
2, 11239859
List the prime factors of 175349337.
3, 58449779
What are the prime factors of 409081044?
2, 3, 47, 725321
List the prime factors of 148863733.
1193, 124781
What are the prime factors of 325993042?
2, 162996521
List the prime factors of 132319889.
13, 227, 